Let z be (-9)/(-7 + 8) + -2. Let o(r) = r**3 + 17*r**2 + 2*r - 7. What is the hundreds digit of o(z)?
6
Let u = -11755 + 19874. What is the thousands digit of u?
8
Suppose 11 + 0 = 3*f + g, f = 5*g + 9. Suppose 26*n - f*y + 2752 = 28*n, 0 = -5*y + 20. What is the tens digit of n?
6
Let q = 347 - -91. Let t = 652 - q. What is the units digit of t?
4
Suppose -5*v + 828 = -67. Let g = v - 106. Let z = g + -68. What is the units digit of z?
5
What is the tens digit of ((-19)/228 + 4052/(-48))*-54?
6
Suppose -198 = -50*i + 202. Let m(o) = o**2 + 1. Let b(k) = 4*k**2 - 5*k + 14. Let h(n) = b(n) - 2*m(n). What is the tens digit of h(i)?
0
Let f(s) = 14*s + 17*s - 5*s + 157 - 6*s. What is the units digit of f(28)?
7
Let u(c) = 3*c**2 - 13*c + 10. Let b be u(8). Let a = 3968 + -3966. Suppose -a*m + b = 12. What is the tens digit of m?
4
Let i(q) = 21*q**2 + 11*q + 35. What is the units digit of i(-3)?
1
Let w(k) = -6 + k - 7*k - 5*k + k**2 + 0*k**2. Let o be w(12). Suppose 0 = 3*s - o - 3. What is the units digit of s?
3
Let z(a) = 6 + 0 - 9 + 12*a**2 + 7*a. What is the tens digit of z(-4)?
6
Suppose -2*x = -3*t - 49425, 35*t - 123572 = -5*x + 33*t. What is the tens digit of x?
1
Suppose -3286*q + 13153 = -3294*q + 43809. What is the hundreds digit of q?
8
Let j be ((-24)/28)/(592/588 - 1). Let m = j + 214. What is the tens digit of m?
8
Let k(n) be the second derivative of n**6/360 - n**5/60 - n**4/8 - 11*n**3/6 + 15*n. Let t(z) be the second derivative of k(z). What is the units digit of t(7)?
2
Let o = 2418 - 954. Suppose -25*w = -22*w - o. What is the units digit of w?
8
Let a be (-370)/(-40) + 0 - 2/8. Let j(h) = 179*h - 154. What is the units digit of j(a)?
7
Let l = -18566 + 35221. What is the thousands digit of l?
6
Let u(m) = -3*m**3 + 17*m**2 - 32*m + 75. Let t(h) = 2*h**3 + h**2 - 1. Let b(p) = -2*t(p) - u(p). What is the hundreds digit of b(-21)?
1
Let l = -2927 - -4618. Let t = l - 929. What is the hundreds digit of t?
7
Suppose 6140 = 2*d + 2*n, 6*n = 3*d + 4*n - 9190. Suppose 9*y - d - 1605 = 0. What is the tens digit of y?
1
Let t(s) = s**3 + 7*s**2 - 2. Let r be t(-5). Let b = -30 + r. Suppose 0 = -l + 6 + b. What is the tens digit of l?
2
Suppose -35*d + 927485 + 349280 = 0. What is the units digit of d?
9
Let f(n) = -n**3 + 2*n**2 - 10*n + 10. Let l be f(8). Let b = -170 + 178. What is the tens digit of 9/(-12) - l/b?
5
Let r = 24 - -23. Let x = r + -49. What is the tens digit of ((-2)/2)/(x/170)?
8
Suppose 1183*p - 1201*p + 786042 = 0. What is the thousands digit of p?
3
Let l(o) = 6*o**2 + 30*o - 232. What is the thousands digit of l(14)?
1
Let o(h) be the second derivative of 5*h**3/3 + 66*h. Suppose -4*q + 21 = -11. What is the tens digit of o(q)?
8
Let a(f) be the second derivative of f**4/12 - 17*f**3/6 + 39*f**2/2 + 9*f. Let s be a(14). What is the units digit of (-2 - s - -3)*34?
6
Suppose -2*v + l - 21680 = -4*v, -2*l + 8 = 0. What is the tens digit of v?
3
Let l(h) = 45*h**2 + 2*h - 1. Let d(n) = -n + 1. Let u be d(-2). Suppose 0*k + 3*w - 9 = u*k, 4*w - 16 = 0. What is the units digit of l(k)?
6
Suppose 5*d + 20*d - 125500 = 0. What is the units digit of d?
0
Let a(v) = v - 8. Let r be (38/(-6))/((-4)/12). Let o = -2 + r. What is the units digit of a(o)?
9
Let g = 218 + -221. Let m(v) = 99*v**2 - 7*v - 22. What is the hundreds digit of m(g)?
8
Suppose -4*y + 1677 = 3*x, 2795 = 13*x - 8*x + 2*y. What is the tens digit of x?
5
Suppose 21 = 10*d - 6*d - 3*m, -2*m = 6. Suppose 4*j - d*w - 2228 = 0, j = -4*w + 7*w + 566. What is the units digit of j?
4
Let h(v) = -2*v + 26. Let b be h(12). Suppose -b*a + 87 + 25 = 0. What is the tens digit of (2/7)/((-24)/a)*-162?
0
Let h(u) = 2237*u**2 + 1440*u + 5746. What is the ten thousands digit of h(-4)?
3
Let o(p) = -547*p + 746. What is the tens digit of o(-6)?
2
Suppose -43*t + 5940 = -65*t. What is the hundreds digit of 178*6 - (-18)/(t/(-75))?
0
What is the tens digit of 326*(77/14 + -3)*1?
1
Let m(x) = -646*x - 3104. What is the tens digit of m(-28)?
8
Let y(u) = 3*u - 3. Let l = 33 - 18. Let r be y(l). Suppose 0*j + j = r. What is the tens digit of j?
4
Suppose 5*b - 4*s = 24 + 15, b + 3*s = 4. Suppose -5*q = 5*t - 7380, -b*t - 4*q - 1451 = -8*t. What is the hundreds digit of t?
4
Let p(t) = 3*t**2 - 179*t + 102. What is the units digit of p(-39)?
6
Let d(p) = 2*p**3 + 21*p**2 + 22*p - 84. What is the thousands digit of d(10)?
4
Let v(p) = 2*p**2 + 2*p**2 + 23 - 21*p + 4*p**2 - 9*p**2. Let t be v(-10). Let m = -55 + t. What is the tens digit of m?
7
Let b(n) = -n + 112. Let a(z) = 2*z - 1. Let m(t) = 5*a(t) - b(t). What is the hundreds digit of m(33)?
2
Suppose t - 3*t + 1012 = 0. Suppose 18*i - 7*i = -t. Let u = i - -160. What is the tens digit of u?
1
Let n be (399/(-6))/(3/(-36)). Suppose -11*k + n = -4*k. Let h = 172 - k. What is the units digit of h?
8
Let p = -260 + 264. Suppose 5*n - p*c = -9*c + 2415, 2*c + 1469 = 3*n. What is the tens digit of n?
8
Let i(l) = -518 - 557 + 999 + 350*l. What is the thousands digit of i(4)?
1
Let t = -30 + 27. Let n(r) = -3*r**3 - r**2 - 3*r + 4. Let a be n(t). Let j = 37 + a. What is the hundreds digit of j?
1
Let l = -178100 - -258801. What is the hundreds digit of l?
7
Let l(d) = d**3 - 13*d**2 + 8*d + 2400. What is the hundreds digit of l(0)?
4
Suppose 0 = 2*l - v - 81032, -5*l = 4*v - 271542 + 68923. What is the ten thousands digit of l?
4
Let s(d) = d - 38. Let y be s(-12). Let a = y + 55. What is the tens digit of ((-3)/2)/(a/(-960)*4)?
7
Let i(v) = 17 + 4 + 17 - v + 3*v. Let n be i(-18). Suppose 4*r = n*r + 178. What is the tens digit of r?
8
What is the thousands digit of -1737*(7 + -15) - -11?
3
Suppose -5*r = 4*v - 28, v - 2 = 6*v - 3*r. Suppose -1773 = -4*a + 95. Suppose v*z = 3*u - a, -2*z + 761 = 5*u - z. What is the hundreds digit of u?
1
Let m = -108 + 114. Suppose -m*a = -a - 15. Suppose -440 = -2*n + 5*c, a*n = -c - c + 679. What is the units digit of n?
5
Let i be (-135)/(-225) + (-1)/5*-237. What is the units digit of -210*i/(-56)*2?
0
Suppose -p - 2*r = 7, 2*p + r = -13 - 1. Let k(i) = i**2 + 9*i - 6. Let q be k(p). What is the tens digit of -6 - -9 - (0 + q)?
2
Suppose 0*n - v + 1 = -3*n, 5 = -5*n + 5*v. Let g(b) = n*b**3 - b**2 - 1135 + 6*b**3 + 1132. What is the tens digit of g(2)?
4
Suppose 3*y + 4430 - 7337 = 18453. What is the units digit of y?
0
What is the units digit of 0 + 69515 + -2*(-40)/(-16)?
0
Suppose 360*d + 365*d - 735*d + 18670 = 0. What is the tens digit of d?
6
Suppose -108 = 5*z + 2*f, -24*z + 5*f = -21*z + 71. Let k(d) = d**3 - d**2 + d - 6. Let w be k(0). What is the tens digit of 99 - (w/33 - (-62)/z)?
0
Suppose 3*i = -3*o + 30675, 0 = 2*i + 5*o - 5508 - 14951. What is the units digit of i?
2
Let f = 349 + -347. Suppose 1288 = b - 15*u + 11*u, -f*u - 5096 = -4*b. What is the units digit of b?
2
Let m be 2 + 2 - 5 - -2. What is the hundreds digit of ((-2 - -2) + m)*(-1670)/(-5)?
3
What is the tens digit of ((-31)/((-31)/(-433)))/((-1)/99)?
6
Let b be ((272/(-12))/(-2))/((-2)/6). Let j = 142 - b. What is the units digit of j?
6
Suppose 5*h - 106 - 29 = 0. Let j(o) = 2*o + 124. What is the tens digit of j(h)?
7
Suppose -54*q + 1144101 = 36*q + 39*q. What is the hundreds digit of q?
8
Suppose 2*x = -4*z - 23 + 1, -4*x - 3*z - 29 = 0. Let t be (x/((-5)/(-2)))/((-1)/(-7)). What is the units digit of (1 - t)/(6/18)?
5
Let d(g) be the third derivative of g**5/30 - g**4/6 + 196*g**3/3 - 10*g**2. What is the units digit of d(0)?
2
Suppose 3*h = 3*w - 172518, -19*w + 23*w - 230023 = 5*h. What is the ten thousands digit of w?
5
Suppose 0 = -5*o - 3*t + 6521, 1299 = o - t - t. Suppose 0 = -2*l - 3*q + o, -2*l + 4*q + 2576 = 2*l. What is the hundreds digit of l?
6
Suppose -1796*r + 15680 = -1792*r - 2*b, 5*r + 5*b = 19630. What is the units digit of r?
2
Let z be (-6)/(1 - (-3)/(-1)) + -2. Let q be (2/2)/(z/(-5)). Let o = 52 + q. What is the units digit of o?
7
Suppose 2*l + 3*s + 2409 = 0, -4*s = 3*l - 414 + 4026. Suppose 0 = -27*q + 31*q + 180. What is the tens digit of ((-6)/(-4))/(q/l)?
4
Suppose 72 = -4*t - 0*t. Let o be (0 + t)*246/(-9). Suppose 11*a + a = o. What is the tens digit of a?
4
Let y be 123*(-2)/(3*-8)*84. Suppose 150*n - 143*n - y = 0. What is the tens digit of n?
2
Suppose -5*y + 2*a = 